23
What are the prime factors of 71004?
2, 3, 61, 97
What are the prime factors of 6005?
5, 1201
List the prime factors of 16.
2
What are the prime factors of 42824?
2, 53, 101
List the prime factors of 14778.
2, 3, 821
List the prime factors of 2305.
5, 461
What are the prime factors of 46979?
109, 431
List the prime factors of 8695.
5, 37, 47
List the prime factors of 42.
2, 3, 7
List the prime factors of 53372.
2, 11, 1213
List the prime factors of 4014.
2, 3, 223
List the prime factors of 7743.
3, 29, 89
List the prime factors of 76.
2, 19
List the prime factors of 7635.
3, 5, 509
What are the prime factors of 12061?
7, 1723
List the prime factors of 255.
3, 5, 17
What are the prime factors of 5933?
17, 349
What are the prime factors of 5053?
31, 163
What are the prime factors of 486?
2, 3
List the prime factors of 1707.
3, 569
What are the prime factors of 9380?
2, 5, 7, 67
List the prime factors of 10586.
2, 67, 79
List the prime factors of 5282.
2, 19, 139
List the prime factors of 584.
2, 73
List the prime factors of 6473.
6473
What are the prime factors of 17144?
2, 2143
What are the prime factors of 18287?
18287
List the prime factors of 5157.
3, 191
What are the prime factors of 88218?
2, 3, 13, 29
List the prime factors of 51284.
2, 12821
What are the prime factors of 17678?
2, 8839
List the prime factors of 37406.
2, 59, 317
List the prime factors of 22414.
2, 7, 1601
List the prime factors of 1359.
3, 151
What are the prime factors of 13542?
2, 3, 37, 61
What are the prime factors of 3736?
2, 467
What are the prime factors of 1306?
2, 653
List the prime factors of 10026.
2, 3, 557
List the prime factors of 1550.
2, 5, 31
What are the prime factors of 330?
2, 3, 5, 11
List the prime factors of 232.
2, 29
What are the prime factors of 3756?
2, 3, 313
What are the prime factors of 117688?
2, 47, 313
List the prime factors of 71250.
2, 3, 5, 19
What are the prime factors of 3029?
13, 233
List the prime factors of 2230.
2, 5, 223
List the prime factors of 12344.
2, 1543
List the prime factors of 810.
2, 3, 5
List the prime factors of 61767.
3, 6863
What are the prime factors of 362?
2, 181
What are the prime factors of 1453?
1453
What are the prime factors of 5725?
5, 229
List the prime factors of 467.
467
What are the prime factors of 1096?
2, 137
List the prime factors of 4617.
3, 19
What are the prime factors of 4003?
4003
What are the prime factors of 1840?
2, 5, 23
What are the prime factors of 669?
3, 223
What are the prime factors of 1261?
13, 97
List the prime factors of 57.
3, 19
List the prime factors of 1160.
2, 5, 29
List the prime factors of 2720.
2, 5, 17
What are the prime factors of 14554?
2, 19, 383
What are the prime factors of 630?
2, 3, 5, 7
List the prime factors of 553.
7, 79
List the prime factors of 15270.
2, 3, 5, 509
What are the prime factors of 8549?
83, 103
What are the prime factors of 579?
3, 193
List the prime factors of 2578.
2, 1289
List the prime factors of 104210.
2, 5, 17, 613
List the prime factors of 2264.
2, 283
List the prime factors of 1608.
2, 3, 67
What are the prime factors of 11411?
11411
List the prime factors of 2779.
7, 397
What are the prime factors of 11570?
2, 5, 13, 89
What are the prime factors of 11291?
7, 1613
List the prime factors of 6714.
2, 3, 373
What are the prime factors of 79?
79
What are the prime factors of 4287?
3, 1429
What are the prime factors of 2301?
3, 13, 59
List the prime factors of 13033.
13033
What are the prime factors of 1160?
2, 5, 29
List the prime factors of 7024.
2, 439
What are the prime factors of 19667?
71, 277
List the prime factors of 34509.
3, 11503
List the prime factors of 10763.
47, 229
What are the prime factors of 138641?
138641
List the prime factors of 26657.
19, 23, 61
List the prime factors of 132513.
3, 44171
What are the prime factors of 110925?
3, 5, 17, 29
What are the prime factors of 328?
2, 41
List the prime factors of 1036.
2, 7, 37
What are the prime factors of 1598?
2, 17, 47
What are the prime factors of 2198?
2, 7, 157
What are the prime factors of 58642?
2, 109, 269
List the prime factors of 180763.
11, 16433
List the prime factors of 81457.
81457
List the prime factors of 2382.
2, 3, 397
What are the prime factors of 9010?
2, 5, 17, 53
List the prime factors of 22532.
2, 43, 131
List the prime factors of 353.
353
What are the prime factors of 6683?
41, 163
List the prime factors of 911.
911
List the prime factors of 8784.
2, 3, 61
List the prime factors of 783.
3, 29
What are the prime factors of 94267?
107, 881
What are the prime factors of 1257?
3, 419
List the prime factors of 3607.
3607
What are the prime factors of 894?
2, 3, 149
List the prime factors of 169.
13
What are the prime factors of 387?
3, 43
List the prime factors of 924.
2, 3, 7, 11
What are the prime factors of 2877?
3, 7, 137
List the prime factors of 47456.
2, 1483
List the prime factors of 745.
5, 149
List the prime factors of 34924.
2, 8731
List the prime factors of 1993.
1993
What are the prime factors of 12711?
3, 19, 223
What are the prime factors of 27791?
27791
List the prime factors of 1525.
5, 61
List the prime factors of 135.
3, 5
What are the prime factors of 1022?
2, 7, 73
List the prime factors of 21189.
3, 7, 1009
List the prime factors of 489.
3, 163
What are the prime factors of 3156?
2, 3, 263
What are the prime factors of 11438?
2, 7, 19, 43
What are the prime factors of 1331?
11
What are the prime factors of 16822?
2, 13, 647
What are the prime factors of 5720?
2, 5, 11, 13
List the prime factors of 414.
2, 3, 23
What are the prime factors of 71219?
229, 311
What are the prime factors of 16296?
2, 3, 7, 97
List the prime factors of 52193.
19, 41, 67
List the prime factors of 949.
13, 73
List the prime factors of 139087.
13, 823
What are the prime factors of 66045?
3, 5, 7, 17, 37
What are the prime factors of 1302?
2, 3, 7, 31
What are the prime factors of 14093?
17, 829
What are the prime factors of 1054?
2, 17, 31
List the prime factors of 3380.
2, 5, 13
List the prime factors of 7682.
2, 23, 167
What are the prime factors of 409?
409
List the prime factors of 361.
19
What are the prime factors of 93?
3, 31
What are the prime factors of 2626?
2, 13, 101
What are the prime factors of 23446?
2, 19, 617
List the prime factors of 1458.
2, 3
What are the prime factors of 6253?
13, 37
What are the prime factors of 39656?
2, 4957
List the prime factors of 90.
2, 3, 5
List the prime factors of 17922.
2, 3, 29, 103
List the prime factors of 16004.
2, 4001
What are the prime factors of 41384?
2, 7, 739
List the prime factors of 14887.
14887
What are the prime factors of 8858?
2, 43, 103
List the prime factors of 36629.
36629
What are the prime factors of 22190?
2, 5, 7, 317
List the prime factors of 4399.
53, 83
What are the prime factors of 23248?
2, 1453
List the prime factors of 63743.
63743
List the prime factors of 9036.
2, 3, 251
List the prime factors of 135.
3, 5
List the prime factors of 6741.
3, 7, 107
List the prime factors of 9268.
2, 7, 331
List the prime factors of 88533.
3, 1093
What are the prime factors of 13187?
13187
List the prime factors of 94909.
107, 887
What are the prime factors of 6927?
3, 2309
What are the prime factors of 27850?
2, 5, 557
What are the prime factors of 5847?
3, 1949
List the prime factors of 103.
103
List the prime factors of 140.
2, 5, 7
List the prime factors of 73655.
5, 14731
What are the prime factors of 1529?
11, 139
What are the prime factors of 104347?
104347
List the prime factors of 46667.
23, 2029
List the prime factors of 2671.
2671
List the prime factors of 2186.
2, 1093
What are the prime factors of 4351?
19, 229
List the prime factors of 7102.
2, 53, 67
List the prime factors of 66007.
149, 443
List the prime factors of 75055.
5, 17, 883
What are the prime factors of 115502?
2, 57751
What are the prime factors of 373?
373
What are the prime factors of 59343?
3, 131, 151
What are the prime factors of 1255?
5, 251
List the prime factors of 11238.
2, 3, 1873
List the prime factors of 2442.
2, 3, 11, 37
What are the prime factors of 6431?
59, 109
List the prime factors of 109307.
11, 19, 523
What are the prime factors of 83229?
3, 27743
List the prime factors of 101804.
2, 31, 821
Lis